{"id":417206,"date":"2023-02-03T10:33:52","date_gmt":"2023-02-03T13:33:52","guid":{"rendered":"https:\/\/ovigilanteonline.com.br\/site\/?page_id=417206"},"modified":"2023-02-05T23:35:20","modified_gmt":"2023-02-06T02:35:20","slug":"editais","status":"publish","type":"page","link":"https:\/\/www.ovigilanteonline.com.br\/site\/editais\/","title":{"rendered":"Editais"},"content":{"rendered":"<div  class=\"ultp-post-grid-block wp-block-ultimate-post-post-grid-1 ultp-block-53b6c0\"><div class=\"ultp-block-wrapper\"><div class=\"ultp-loading\"><div class=\"ultp-loading-blocks\" style=\"width:100%;height:100%;\"><div style=\"left: 0;top: 0;animation-delay:0s;\"><\/div><div style=\"left: 21px;top: 0;animation-delay:0.125s;\"><\/div><div style=\"left: 42px;top: 0;animation-delay:0.25s;\"><\/div><div style=\"left: 0;top: 21px;animation-delay:0.875s;\"><\/div><div style=\"left: 42px;top: 21px;animation-delay:0.375s;\"><\/div><div style=\"left: 0;top: 42px;animation-delay:0.75s;\"><\/div><div style=\"left: 42px;top: 42px;animation-delay:0.625s;\"><\/div><div style=\"left: 21px;top: 42px;animation-delay:0.5s;\"><\/div><\/div><\/div><div class=\"ultp-heading-filter\"><div class=\"ultp-heading-filter-in\"><div class=\"ultp-filter-navigation\"><\/div><\/div><\/div><div class=\"ultp-block-items-wrap ultp-block-row ultp-pg1a-style1 ultp-grid1-responsive ultp-block-column-3 1 1 ultp-layout1\"><div class=\"ultp-block-item post-id-452508\"><div class=\"ultp-block-content-wrap\"><div class=\"ultp-block-image ultp-block-image-opacity\"><a href=\"https:\/\/www.ovigilanteonline.com.br\/site\/2026\/05\/05\/edital-de-notificacao-de-confrontante-em-procedimento-de-retificacao-de-area-ovg-8\/\" ><img decoding=\"async\"  class=\"ultp-block-image-content\"  alt=\"Edital de Notifica\u00e7\u00e3o de Confrontante em Procedimento de Retifica\u00e7\u00e3o de \u00c1rea\"  src=\"https:\/\/www.ovigilanteonline.com.br\/site\/wp-content\/uploads\/2023\/07\/Edital2-logo-jpg.webp\" \/><\/a><\/div><div class=\"ultp-block-content\"><div class=\"ultp-category-grid ultp-category-classic ultp-category-aboveTitle\"><div class=\"ultp-category-in\"><a class=\"ultp-cat-editais\" href=\"https:\/\/www.ovigilanteonline.com.br\/site\/category\/editais\/\"  >Editais<\/a><\/div><\/div><h3 class=\"ultp-block-title \"><a href=\"https:\/\/www.ovigilanteonline.com.br\/site\/2026\/05\/05\/edital-de-notificacao-de-confrontante-em-procedimento-de-retificacao-de-area-ovg-8\/\" >Edital de Notifica\u00e7\u00e3o de Confrontante em Procedimento de Retifica\u00e7\u00e3o de \u00c1rea<\/a><\/h3><\/div><\/div><\/div><div class=\"ultp-block-item post-id-451566\"><div class=\"ultp-block-content-wrap\"><div class=\"ultp-block-image ultp-block-image-opacity\"><a href=\"https:\/\/www.ovigilanteonline.com.br\/site\/2026\/04\/02\/edital-de-notificacao-de-confrontante-em-procedimento-de-retificacao-de-area-ovg\/\" ><img decoding=\"async\"  class=\"ultp-block-image-content\"  alt=\"Edital de Notifica\u00e7\u00e3o de Confrontante em Procedimento de Retifica\u00e7\u00e3o de \u00c1rea\"  src=\"https:\/\/www.ovigilanteonline.com.br\/site\/wp-content\/uploads\/2023\/07\/Edital2-logo-jpg.webp\" \/><\/a><\/div><div class=\"ultp-block-content\"><div class=\"ultp-category-grid ultp-category-classic ultp-category-aboveTitle\"><div class=\"ultp-category-in\"><a class=\"ultp-cat-editais\" href=\"https:\/\/www.ovigilanteonline.com.br\/site\/category\/editais\/\"  >Editais<\/a><\/div><\/div><h3 class=\"ultp-block-title \"><a href=\"https:\/\/www.ovigilanteonline.com.br\/site\/2026\/04\/02\/edital-de-notificacao-de-confrontante-em-procedimento-de-retificacao-de-area-ovg\/\" >Edital de Notifica\u00e7\u00e3o de Confrontante em Procedimento de Retifica\u00e7\u00e3o de \u00c1rea<\/a><\/h3><\/div><\/div><\/div><div class=\"ultp-block-item post-id-451411\"><div class=\"ultp-block-content-wrap\"><div class=\"ultp-block-image ultp-block-image-opacity\"><a href=\"https:\/\/www.ovigilanteonline.com.br\/site\/2026\/03\/26\/concessao-de-licenca\/\" ><img decoding=\"async\"  class=\"ultp-block-image-content\"  alt=\"Concess\u00e3o de Licen\u00e7a\"  src=\"https:\/\/www.ovigilanteonline.com.br\/site\/wp-content\/uploads\/2026\/03\/32df32f.jpg\" \/><\/a><\/div><div class=\"ultp-block-content\"><div class=\"ultp-category-grid ultp-category-classic ultp-category-aboveTitle\"><div class=\"ultp-category-in\"><a class=\"ultp-cat-editais\" href=\"https:\/\/www.ovigilanteonline.com.br\/site\/category\/editais\/\"  >Editais<\/a><\/div><\/div><h3 class=\"ultp-block-title \"><a href=\"https:\/\/www.ovigilanteonline.com.br\/site\/2026\/03\/26\/concessao-de-licenca\/\" >Concess\u00e3o de Licen\u00e7a<\/a><\/h3><\/div><\/div><\/div><div class=\"ultp-block-item post-id-450828\"><div class=\"ultp-block-content-wrap\"><div class=\"ultp-block-image ultp-block-image-opacity\"><a href=\"https:\/\/www.ovigilanteonline.com.br\/site\/2026\/03\/09\/edital-de-convocacao-para-assembleia-geral-ordinaria-e-extraordinaria-da-associacao-blue-garden-moinho-3\/\" ><img decoding=\"async\"  class=\"ultp-block-image-content\"  alt=\"Edital de Convoca\u00e7\u00e3o para Assembleia Geral Ordin\u00e1ria e Extraordin\u00e1ria da Associa\u00e7\u00e3o Blue Garden Moinho\"  src=\"https:\/\/www.ovigilanteonline.com.br\/site\/wp-content\/uploads\/2023\/07\/Edital2-logo-jpg.webp\" \/><\/a><\/div><div class=\"ultp-block-content\"><div class=\"ultp-category-grid ultp-category-classic ultp-category-aboveTitle\"><div class=\"ultp-category-in\"><a class=\"ultp-cat-editais\" href=\"https:\/\/www.ovigilanteonline.com.br\/site\/category\/editais\/\"  >Editais<\/a><\/div><\/div><h3 class=\"ultp-block-title \"><a href=\"https:\/\/www.ovigilanteonline.com.br\/site\/2026\/03\/09\/edital-de-convocacao-para-assembleia-geral-ordinaria-e-extraordinaria-da-associacao-blue-garden-moinho-3\/\" >Edital de Convoca\u00e7\u00e3o para Assembleia Geral Ordin\u00e1ria e Extraordin\u00e1ria da Associa\u00e7\u00e3o Blue Garden Moinho<\/a><\/h3><\/div><\/div><\/div><div class=\"ultp-block-item post-id-450787\"><div class=\"ultp-block-content-wrap\"><div class=\"ultp-block-image ultp-block-image-opacity\"><a href=\"https:\/\/www.ovigilanteonline.com.br\/site\/2026\/03\/06\/retificacao-do-edital-para-assembleia-geral-do-condominio-residencial-do-edificio-minas-tower\/\" ><img decoding=\"async\"  class=\"ultp-block-image-content\"  alt=\"Retifica\u00e7\u00e3o do Edital para Assembleia Geral do Condom\u00ednio Residencial do Edif\u00edcio Minas Tower\"  src=\"https:\/\/www.ovigilanteonline.com.br\/site\/wp-content\/uploads\/2023\/07\/Edital2-logo-jpg.webp\" \/><\/a><\/div><div class=\"ultp-block-content\"><div class=\"ultp-category-grid ultp-category-classic ultp-category-aboveTitle\"><div class=\"ultp-category-in\"><a class=\"ultp-cat-editais\" href=\"https:\/\/www.ovigilanteonline.com.br\/site\/category\/editais\/\"  >Editais<\/a><\/div><\/div><h3 class=\"ultp-block-title \"><a href=\"https:\/\/www.ovigilanteonline.com.br\/site\/2026\/03\/06\/retificacao-do-edital-para-assembleia-geral-do-condominio-residencial-do-edificio-minas-tower\/\" >Retifica\u00e7\u00e3o do Edital para Assembleia Geral do Condom\u00ednio Residencial do Edif\u00edcio Minas Tower<\/a><\/h3><\/div><\/div><\/div><div class=\"ultp-block-item post-id-450685\"><div class=\"ultp-block-content-wrap\"><div class=\"ultp-block-image ultp-block-image-opacity\"><a href=\"https:\/\/www.ovigilanteonline.com.br\/site\/2026\/03\/03\/edital-para-assembleia-geral-extraordinaria-do-condominio-residencial-do-edificio-minas-tower\/\" ><img decoding=\"async\"  class=\"ultp-block-image-content\"  alt=\"Edital para Assembleia Geral Extraordin\u00e1ria do Condom\u00ednio Residencial do Edif\u00edcio Minas Tower\"  src=\"https:\/\/www.ovigilanteonline.com.br\/site\/wp-content\/uploads\/2023\/07\/Edital2-logo-jpg.webp\" \/><\/a><\/div><div class=\"ultp-block-content\"><div class=\"ultp-category-grid ultp-category-classic ultp-category-aboveTitle\"><div class=\"ultp-category-in\"><a class=\"ultp-cat-editais\" href=\"https:\/\/www.ovigilanteonline.com.br\/site\/category\/editais\/\"  >Editais<\/a><\/div><\/div><h3 class=\"ultp-block-title \"><a href=\"https:\/\/www.ovigilanteonline.com.br\/site\/2026\/03\/03\/edital-para-assembleia-geral-extraordinaria-do-condominio-residencial-do-edificio-minas-tower\/\" >Edital para Assembleia Geral Extraordin\u00e1ria do Condom\u00ednio Residencial do Edif\u00edcio Minas Tower<\/a><\/h3><\/div><\/div><\/div><\/div><div class=\"ultp-pagination-wrap ultp-pagination-ajax-action\" data-paged=\"1\" data-expost=\"\"  data-blockid=\"53b6c0\" data-postid=\"417206\" data-pages=\"41\" data-blockname=\"ultimate-post_post-grid-1\" data-selfpostid=\"no\"><ul class=\"ultp-pagination\"><li class=\"ultp-prev-page-numbers\" style=\"display:none\"><a href=\"https:\/\/www.ovigilanteonline.com.br\/site\/wp-json\/wp\/v2\/pages\/417206\/\"><svg xmlns=\"http:\/\/www.w3.org\/2000\/svg\" fill=\"none\" viewBox=\"0 0 24 24\">\n  <path stroke=\"currentColor\" stroke-linecap=\"round\" stroke-linejoin=\"round\" stroke-width=\"1.5\" d=\"m15 18-6-6 6-6\"\/>\n<\/svg>\n <\/a><\/li><li class=\"ultp-first-pages\" style=\"display:none\" data-current=\"1\"><a href=\"https:\/\/www.ovigilanteonline.com.br\/site\/wp-json\/wp\/v2\/pages\/417206\/\">1<\/a><\/li><li class=\"ultp-first-dot\"style=\"display:none\"><a href=\"#\">&#8230;<\/a><\/li><li class=\"ultp-center-item pagination-active\" data-current=\"1\"><a href=\"https:\/\/www.ovigilanteonline.com.br\/site\/wp-json\/wp\/v2\/pages\/417206\/\">1<\/a><\/li><li class=\"ultp-center-item\" data-current=\"2\" ><a href=\"https:\/\/www.ovigilanteonline.com.br\/site\/wp-json\/wp\/v2\/pages\/417206\/page\/2\/\">2<\/a><\/li><li class=\"ultp-center-item\" data-current=\"3\" ><a href=\"https:\/\/www.ovigilanteonline.com.br\/site\/wp-json\/wp\/v2\/pages\/417206\/page\/3\/\">3<\/a><\/li><li class=\"ultp-last-dot\" ><a href=\"#\">&#8230;<\/a><\/li><li class=\"ultp-last-pages\" data-current=\"41\"><a href=\"https:\/\/www.ovigilanteonline.com.br\/site\/wp-json\/wp\/v2\/pages\/417206\/page\/41\/\">41<\/a><\/li><li class=\"ultp-next-page-numbers\"><a href=\"https:\/\/www.ovigilanteonline.com.br\/site\/wp-json\/wp\/v2\/pages\/417206\/page\/2\/\"><svg xmlns=\"http:\/\/www.w3.org\/2000\/svg\" fill=\"none\" viewBox=\"0 0 24 24\">\n  <path stroke=\"currentColor\" stroke-linecap=\"round\" stroke-linejoin=\"round\" stroke-width=\"1.5\" d=\"m9 18 6-6-6-6\"\/>\n<\/svg>\n<\/a><\/li><\/ul><\/div><\/div><div class=\"pagination-block-html\" aria-hidden=\"true\" style=\"display: none;\"><\/div><\/div>","protected":false},"excerpt":{"rendered":"","protected":false},"author":2,"featured_media":0,"parent":0,"menu_order":0,"comment_status":"closed","ping_status":"closed","template":"","meta":{"footnotes":""},"class_list":["post-417206","page","type-page","status-publish","hentry"],"yoast_head":"<!-- This site is optimized with the Yoast SEO plugin v27.5 - https:\/\/yoast.com\/product\/yoast-seo-wordpress\/ -->\n<title>Editais - O VIGILANTE ONLINE<\/title>\n<meta name=\"robots\" content=\"index, follow, max-snippet:-1, max-image-preview:large, max-video-preview:-1\" \/>\n<link rel=\"canonical\" href=\"https:\/\/www.ovigilanteonline.com.br\/site\/editais\/\" \/>\n<meta property=\"og:locale\" content=\"pt_BR\" \/>\n<meta property=\"og:type\" content=\"article\" \/>\n<meta property=\"og:title\" content=\"Editais - O VIGILANTE ONLINE\" \/>\n<meta property=\"og:url\" content=\"https:\/\/www.ovigilanteonline.com.br\/site\/editais\/\" \/>\n<meta property=\"og:site_name\" content=\"O VIGILANTE ONLINE\" \/>\n<meta property=\"article:publisher\" content=\"https:\/\/www.facebook.com\/ovigilanteonline\" \/>\n<meta property=\"article:modified_time\" content=\"2023-02-06T02:35:20+00:00\" \/>\n<meta property=\"og:image\" content=\"https:\/\/www.ovigilanteonline.com.br\/site\/wp-content\/uploads\/2021\/07\/vinheta-edital-de-convocacao.jpg\" \/>\n\t<meta property=\"og:image:width\" content=\"800\" \/>\n\t<meta property=\"og:image:height\" content=\"503\" \/>\n\t<meta property=\"og:image:type\" content=\"image\/jpeg\" \/>\n<meta name=\"twitter:card\" content=\"summary_large_image\" \/>\n<script type=\"application\/ld+json\" class=\"yoast-schema-graph\">{\"@context\":\"https:\\\/\\\/schema.org\",\"@graph\":[{\"@type\":\"WebPage\",\"@id\":\"https:\\\/\\\/www.ovigilanteonline.com.br\\\/site\\\/editais\\\/\",\"url\":\"https:\\\/\\\/www.ovigilanteonline.com.br\\\/site\\\/editais\\\/\",\"name\":\"Editais - O VIGILANTE ONLINE\",\"isPartOf\":{\"@id\":\"https:\\\/\\\/www.ovigilanteonline.com.br\\\/site\\\/#website\"},\"datePublished\":\"2023-02-03T13:33:52+00:00\",\"dateModified\":\"2023-02-06T02:35:20+00:00\",\"breadcrumb\":{\"@id\":\"https:\\\/\\\/www.ovigilanteonline.com.br\\\/site\\\/editais\\\/#breadcrumb\"},\"inLanguage\":\"pt-BR\",\"potentialAction\":[{\"@type\":\"ReadAction\",\"target\":[\"https:\\\/\\\/www.ovigilanteonline.com.br\\\/site\\\/editais\\\/\"]}]},{\"@type\":\"BreadcrumbList\",\"@id\":\"https:\\\/\\\/www.ovigilanteonline.com.br\\\/site\\\/editais\\\/#breadcrumb\",\"itemListElement\":[{\"@type\":\"ListItem\",\"position\":1,\"name\":\"In\u00edcio\",\"item\":\"https:\\\/\\\/www.ovigilanteonline.com.br\\\/site\\\/\"},{\"@type\":\"ListItem\",\"position\":2,\"name\":\"Editais\"}]},{\"@type\":\"WebSite\",\"@id\":\"https:\\\/\\\/www.ovigilanteonline.com.br\\\/site\\\/#website\",\"url\":\"https:\\\/\\\/www.ovigilanteonline.com.br\\\/site\\\/\",\"name\":\"O VIGILANTE ONLINE - Not\u00edcias de Leopoldina e regi\u00e3o\",\"description\":\"\",\"potentialAction\":[{\"@type\":\"SearchAction\",\"target\":{\"@type\":\"EntryPoint\",\"urlTemplate\":\"https:\\\/\\\/www.ovigilanteonline.com.br\\\/site\\\/?s={search_term_string}\"},\"query-input\":{\"@type\":\"PropertyValueSpecification\",\"valueRequired\":true,\"valueName\":\"search_term_string\"}}],\"inLanguage\":\"pt-BR\"}]}<\/script>\n<!-- \/ Yoast SEO plugin. -->","yoast_head_json":{"title":"Editais - O VIGILANTE ONLINE","robots":{"index":"index","follow":"follow","max-snippet":"max-snippet:-1","max-image-preview":"max-image-preview:large","max-video-preview":"max-video-preview:-1"},"canonical":"https:\/\/www.ovigilanteonline.com.br\/site\/editais\/","og_locale":"pt_BR","og_type":"article","og_title":"Editais - O VIGILANTE ONLINE","og_url":"https:\/\/www.ovigilanteonline.com.br\/site\/editais\/","og_site_name":"O VIGILANTE ONLINE","article_publisher":"https:\/\/www.facebook.com\/ovigilanteonline","article_modified_time":"2023-02-06T02:35:20+00:00","og_image":[{"width":800,"height":503,"url":"https:\/\/www.ovigilanteonline.com.br\/site\/wp-content\/uploads\/2021\/07\/vinheta-edital-de-convocacao.jpg","type":"image\/jpeg"}],"twitter_card":"summary_large_image","schema":{"@context":"https:\/\/schema.org","@graph":[{"@type":"WebPage","@id":"https:\/\/www.ovigilanteonline.com.br\/site\/editais\/","url":"https:\/\/www.ovigilanteonline.com.br\/site\/editais\/","name":"Editais - O VIGILANTE ONLINE","isPartOf":{"@id":"https:\/\/www.ovigilanteonline.com.br\/site\/#website"},"datePublished":"2023-02-03T13:33:52+00:00","dateModified":"2023-02-06T02:35:20+00:00","breadcrumb":{"@id":"https:\/\/www.ovigilanteonline.com.br\/site\/editais\/#breadcrumb"},"inLanguage":"pt-BR","potentialAction":[{"@type":"ReadAction","target":["https:\/\/www.ovigilanteonline.com.br\/site\/editais\/"]}]},{"@type":"BreadcrumbList","@id":"https:\/\/www.ovigilanteonline.com.br\/site\/editais\/#breadcrumb","itemListElement":[{"@type":"ListItem","position":1,"name":"In\u00edcio","item":"https:\/\/www.ovigilanteonline.com.br\/site\/"},{"@type":"ListItem","position":2,"name":"Editais"}]},{"@type":"WebSite","@id":"https:\/\/www.ovigilanteonline.com.br\/site\/#website","url":"https:\/\/www.ovigilanteonline.com.br\/site\/","name":"O VIGILANTE ONLINE - Not\u00edcias de Leopoldina e regi\u00e3o","description":"","potentialAction":[{"@type":"SearchAction","target":{"@type":"EntryPoint","urlTemplate":"https:\/\/www.ovigilanteonline.com.br\/site\/?s={search_term_string}"},"query-input":{"@type":"PropertyValueSpecification","valueRequired":true,"valueName":"search_term_string"}}],"inLanguage":"pt-BR"}]}},"_links":{"self":[{"href":"https:\/\/www.ovigilanteonline.com.br\/site\/wp-json\/wp\/v2\/pages\/417206","targetHints":{"allow":["GET"]}}],"collection":[{"href":"https:\/\/www.ovigilanteonline.com.br\/site\/wp-json\/wp\/v2\/pages"}],"about":[{"href":"https:\/\/www.ovigilanteonline.com.br\/site\/wp-json\/wp\/v2\/types\/page"}],"author":[{"embeddable":true,"href":"https:\/\/www.ovigilanteonline.com.br\/site\/wp-json\/wp\/v2\/users\/2"}],"replies":[{"embeddable":true,"href":"https:\/\/www.ovigilanteonline.com.br\/site\/wp-json\/wp\/v2\/comments?post=417206"}],"version-history":[{"count":0,"href":"https:\/\/www.ovigilanteonline.com.br\/site\/wp-json\/wp\/v2\/pages\/417206\/revisions"}],"wp:attachment":[{"href":"https:\/\/www.ovigilanteonline.com.br\/site\/wp-json\/wp\/v2\/media?parent=417206"}],"curies":[{"name":"wp","href":"https:\/\/api.w.org\/{rel}","templated":true}]}}