{"id":383558,"date":"2021-02-24T11:36:11","date_gmt":"2021-02-24T14:36:11","guid":{"rendered":"https:\/\/ovigilanteonline.com.br\/site\/?page_id=383558"},"modified":"2025-03-08T07:16:40","modified_gmt":"2025-03-08T10:16:40","slug":"jornal","status":"publish","type":"page","link":"https:\/\/www.ovigilanteonline.com.br\/site\/jornal\/","title":{"rendered":"Jornal"},"content":{"rendered":"\n<p>Em 05 de mar\u00e7o de 1993 circulava em Leopoldina a primeira edi\u00e7\u00e3o do&nbsp;<strong>Jornal O Vigilante<\/strong>. Sua edi\u00e7\u00e3o impressa cobria prioritariamente os acontecimentos pol\u00edticos e sociais do munic\u00edpio de Leopoldina \u2013 Zona da Mata de Minas Gerais \u2013 sem deixar de lado eventuais coberturas jornal\u00edsticas em cidades vizinhas.&nbsp;O Jornal O Vigilante manteve-se em atividade at\u00e9 o ano de 2000, quando optamos por interromper sua publica\u00e7\u00e3o.&nbsp; &nbsp;&nbsp;<\/p>\n\n\n\n<p>Em dezembro de 2012,&nbsp;<strong>O VIGILANTE<\/strong>&nbsp;foi relan\u00e7ado, revigorado em seus princ\u00edpios de independ\u00eancia editorial, contando com a agilidade da internet, ganhando uma p\u00e1gina na Rede Social \u201cFacebook\u201d, priorizando sua atua\u00e7\u00e3o na Rede Mundial de Computadores.<\/p>\n\n\n\n<p>O reconhecimento ao trabalho desenvolvido atrav\u00e9s de sua Fanpage foi imediato. Entre janeiro e dezembro de 2013, a p\u00e1gina superou a marca de 980.000 (novecentas e oitenta mil) visualiza\u00e7\u00f5es, al\u00e9m de milhares de compartilhamentos e curtidas. Chegara o momento de consolidar um outro projeto: Criar o site de&nbsp;<strong>O VIGILANTE ONLINE<\/strong>.<\/p>\n\n\n\n<p>Para 2014 a estrutura de trabalho foi refor\u00e7ada e no dia 7 de mar\u00e7o foi oficialmente inaugurado o Portal de Not\u00edcias Online. Nesta etapa, ao final de um ano, a uni\u00e3o estabelecida entre o site oficial e a FanPage proporcionou um aumento no n\u00famero de visualiza\u00e7\u00f5es dos conte\u00fados de O Vigilante Online.<\/p>\n\n\n\n<p>Acontecimentos relevantes na comunidade de Leopoldina e regi\u00e3o, pol\u00edtica local, regional, estadual e nacional, meio-ambiente, den\u00fancias, not\u00edcias policiais, s\u00e3o temas focados pela nossa Reda\u00e7\u00e3o neste novo formato, entretanto, o diferencial de\u00a0<strong>O VIGILANTE ONLINE<\/strong>\u00a0come\u00e7ou a ser percebido pelos seus leitores (webleitores) j\u00e1 em 2013, com a cobertura jornal\u00edstica de fatos vivenciados pela popula\u00e7\u00e3o de Leopoldina e acompanhados por leitores e leitoras espalhados pela regi\u00e3o, por todo o pa\u00eds e at\u00e9 no exterior. Vale registrar as importantes atua\u00e7\u00f5es, nestes fatos, das pol\u00edcias militar, civil, rodovi\u00e1ria federal, rodovi\u00e1ria estadual, meio ambiente, corpo de bombeiros militar e SAMU.<\/p>\n\n\n\n<hr class=\"wp-block-separator has-css-opacity\"\/>\n\n\n\n<p><strong>\u00c9tica, verdade, valoriza\u00e7\u00e3o do leitor e dos anunciantes<\/strong>&nbsp;s\u00e3o marcas presentes nesta seq\u00fc\u00eancia de atividades do Jornal&nbsp;<strong>O VIGILANTE&nbsp;<\/strong>atrav\u00e9s da informa\u00e7\u00e3o, destacando que t\u00e3o importante quanto informar \u00e9 considerar a not\u00edcia como um registro hist\u00f3rico dos fatos.&nbsp;&nbsp;<\/p>\n\n\n\n<p>Ao apresentarmos O Vigilante Online, convidamos empres\u00e1rios, comerciantes e profissionais liberais, a participarem deste verdadeiro espet\u00e1culo de alcance r\u00e1pido que \u00e9 a internet. Aos amigos e amigas que j\u00e1 nos concederam a honra da visita e da leitura de nossos artigos, entrevistas e reportagens, o nosso muito obrigado.<\/p>\n\n\n\n<p>Desejamos que apreciem o site de&nbsp;<a href=\"https:\/\/ovigilanteonline.com.br\/site\" target=\"_blank\" rel=\"noreferrer noopener\"><strong>O VIGILANTE ONLINE<\/strong><\/a>.<\/p>\n","protected":false},"excerpt":{"rendered":"<p>Em 05 de mar\u00e7o de 1993 circulava em Leopoldina a primeira edi\u00e7\u00e3o do&nbsp;Jornal O Vigilante. Sua edi\u00e7\u00e3o impressa cobria prioritariamente os acontecimentos pol\u00edticos e sociais do munic\u00edpio de Leopoldina \u2013 Zona da Mata de Minas Gerais \u2013 sem deixar de lado eventuais coberturas jornal\u00edsticas em cidades vizinhas.&nbsp;O Jornal O Vigilante manteve-se em atividade at\u00e9 o [&hellip;]<\/p>\n","protected":false},"author":1,"featured_media":0,"parent":0,"menu_order":0,"comment_status":"closed","ping_status":"closed","template":"","meta":{"footnotes":""},"class_list":["post-383558","page","type-page","status-publish","hentry"],"yoast_head":"<!-- This site is optimized with the Yoast SEO plugin v27.5 - https:\/\/yoast.com\/product\/yoast-seo-wordpress\/ -->\n<title>Jornal - O VIGILANTE ONLINE<\/title>\n<meta name=\"robots\" content=\"index, follow, max-snippet:-1, max-image-preview:large, max-video-preview:-1\" \/>\n<link rel=\"canonical\" href=\"https:\/\/www.ovigilanteonline.com.br\/site\/jornal\/\" \/>\n<meta property=\"og:locale\" content=\"pt_BR\" \/>\n<meta property=\"og:type\" content=\"article\" \/>\n<meta property=\"og:title\" content=\"Jornal - O VIGILANTE ONLINE\" \/>\n<meta property=\"og:description\" content=\"Em 05 de mar\u00e7o de 1993 circulava em Leopoldina a primeira edi\u00e7\u00e3o do&nbsp;Jornal O Vigilante. Sua edi\u00e7\u00e3o impressa cobria prioritariamente os acontecimentos pol\u00edticos e sociais do munic\u00edpio de Leopoldina \u2013 Zona da Mata de Minas Gerais \u2013 sem deixar de lado eventuais coberturas jornal\u00edsticas em cidades vizinhas.&nbsp;O Jornal O Vigilante manteve-se em atividade at\u00e9 o [&hellip;]\" \/>\n<meta property=\"og:url\" content=\"https:\/\/www.ovigilanteonline.com.br\/site\/jornal\/\" \/>\n<meta property=\"og:site_name\" content=\"O VIGILANTE ONLINE\" \/>\n<meta property=\"article:publisher\" content=\"https:\/\/www.facebook.com\/ovigilanteonline\" \/>\n<meta property=\"article:modified_time\" content=\"2025-03-08T10:16:40+00:00\" \/>\n<meta property=\"og:image\" content=\"https:\/\/www.ovigilanteonline.com.br\/site\/wp-content\/uploads\/2021\/03\/OV-LOGO-BRANCO.png\" \/>\n\t<meta property=\"og:image:width\" content=\"710\" \/>\n\t<meta property=\"og:image:height\" content=\"376\" \/>\n\t<meta property=\"og:image:type\" content=\"image\/png\" \/>\n<meta name=\"twitter:card\" content=\"summary_large_image\" \/>\n<meta name=\"twitter:label1\" content=\"Est. tempo de leitura\" \/>\n\t<meta name=\"twitter:data1\" content=\"3 minutos\" \/>\n<script type=\"application\/ld+json\" class=\"yoast-schema-graph\">{\"@context\":\"https:\\\/\\\/schema.org\",\"@graph\":[{\"@type\":\"WebPage\",\"@id\":\"https:\\\/\\\/www.ovigilanteonline.com.br\\\/site\\\/jornal\\\/\",\"url\":\"https:\\\/\\\/www.ovigilanteonline.com.br\\\/site\\\/jornal\\\/\",\"name\":\"Jornal - O VIGILANTE ONLINE\",\"isPartOf\":{\"@id\":\"https:\\\/\\\/www.ovigilanteonline.com.br\\\/site\\\/#website\"},\"datePublished\":\"2021-02-24T14:36:11+00:00\",\"dateModified\":\"2025-03-08T10:16:40+00:00\",\"breadcrumb\":{\"@id\":\"https:\\\/\\\/www.ovigilanteonline.com.br\\\/site\\\/jornal\\\/#breadcrumb\"},\"inLanguage\":\"pt-BR\",\"potentialAction\":[{\"@type\":\"ReadAction\",\"target\":[\"https:\\\/\\\/www.ovigilanteonline.com.br\\\/site\\\/jornal\\\/\"]}]},{\"@type\":\"BreadcrumbList\",\"@id\":\"https:\\\/\\\/www.ovigilanteonline.com.br\\\/site\\\/jornal\\\/#breadcrumb\",\"itemListElement\":[{\"@type\":\"ListItem\",\"position\":1,\"name\":\"In\u00edcio\",\"item\":\"https:\\\/\\\/www.ovigilanteonline.com.br\\\/site\\\/\"},{\"@type\":\"ListItem\",\"position\":2,\"name\":\"Jornal\"}]},{\"@type\":\"WebSite\",\"@id\":\"https:\\\/\\\/www.ovigilanteonline.com.br\\\/site\\\/#website\",\"url\":\"https:\\\/\\\/www.ovigilanteonline.com.br\\\/site\\\/\",\"name\":\"O VIGILANTE ONLINE - Not\u00edcias de Leopoldina e regi\u00e3o\",\"description\":\"\",\"potentialAction\":[{\"@type\":\"SearchAction\",\"target\":{\"@type\":\"EntryPoint\",\"urlTemplate\":\"https:\\\/\\\/www.ovigilanteonline.com.br\\\/site\\\/?s={search_term_string}\"},\"query-input\":{\"@type\":\"PropertyValueSpecification\",\"valueRequired\":true,\"valueName\":\"search_term_string\"}}],\"inLanguage\":\"pt-BR\"}]}<\/script>\n<!-- \/ Yoast SEO plugin. -->","yoast_head_json":{"title":"Jornal - O VIGILANTE ONLINE","robots":{"index":"index","follow":"follow","max-snippet":"max-snippet:-1","max-image-preview":"max-image-preview:large","max-video-preview":"max-video-preview:-1"},"canonical":"https:\/\/www.ovigilanteonline.com.br\/site\/jornal\/","og_locale":"pt_BR","og_type":"article","og_title":"Jornal - O VIGILANTE ONLINE","og_description":"Em 05 de mar\u00e7o de 1993 circulava em Leopoldina a primeira edi\u00e7\u00e3o do&nbsp;Jornal O Vigilante. Sua edi\u00e7\u00e3o impressa cobria prioritariamente os acontecimentos pol\u00edticos e sociais do munic\u00edpio de Leopoldina \u2013 Zona da Mata de Minas Gerais \u2013 sem deixar de lado eventuais coberturas jornal\u00edsticas em cidades vizinhas.&nbsp;O Jornal O Vigilante manteve-se em atividade at\u00e9 o [&hellip;]","og_url":"https:\/\/www.ovigilanteonline.com.br\/site\/jornal\/","og_site_name":"O VIGILANTE ONLINE","article_publisher":"https:\/\/www.facebook.com\/ovigilanteonline","article_modified_time":"2025-03-08T10:16:40+00:00","og_image":[{"width":710,"height":376,"url":"https:\/\/www.ovigilanteonline.com.br\/site\/wp-content\/uploads\/2021\/03\/OV-LOGO-BRANCO.png","type":"image\/png"}],"twitter_card":"summary_large_image","twitter_misc":{"Est. tempo de leitura":"3 minutos"},"schema":{"@context":"https:\/\/schema.org","@graph":[{"@type":"WebPage","@id":"https:\/\/www.ovigilanteonline.com.br\/site\/jornal\/","url":"https:\/\/www.ovigilanteonline.com.br\/site\/jornal\/","name":"Jornal - O VIGILANTE ONLINE","isPartOf":{"@id":"https:\/\/www.ovigilanteonline.com.br\/site\/#website"},"datePublished":"2021-02-24T14:36:11+00:00","dateModified":"2025-03-08T10:16:40+00:00","breadcrumb":{"@id":"https:\/\/www.ovigilanteonline.com.br\/site\/jornal\/#breadcrumb"},"inLanguage":"pt-BR","potentialAction":[{"@type":"ReadAction","target":["https:\/\/www.ovigilanteonline.com.br\/site\/jornal\/"]}]},{"@type":"BreadcrumbList","@id":"https:\/\/www.ovigilanteonline.com.br\/site\/jornal\/#breadcrumb","itemListElement":[{"@type":"ListItem","position":1,"name":"In\u00edcio","item":"https:\/\/www.ovigilanteonline.com.br\/site\/"},{"@type":"ListItem","position":2,"name":"Jornal"}]},{"@type":"WebSite","@id":"https:\/\/www.ovigilanteonline.com.br\/site\/#website","url":"https:\/\/www.ovigilanteonline.com.br\/site\/","name":"O VIGILANTE ONLINE - Not\u00edcias de Leopoldina e regi\u00e3o","description":"","potentialAction":[{"@type":"SearchAction","target":{"@type":"EntryPoint","urlTemplate":"https:\/\/www.ovigilanteonline.com.br\/site\/?s={search_term_string}"},"query-input":{"@type":"PropertyValueSpecification","valueRequired":true,"valueName":"search_term_string"}}],"inLanguage":"pt-BR"}]}},"_links":{"self":[{"href":"https:\/\/www.ovigilanteonline.com.br\/site\/wp-json\/wp\/v2\/pages\/383558","targetHints":{"allow":["GET"]}}],"collection":[{"href":"https:\/\/www.ovigilanteonline.com.br\/site\/wp-json\/wp\/v2\/pages"}],"about":[{"href":"https:\/\/www.ovigilanteonline.com.br\/site\/wp-json\/wp\/v2\/types\/page"}],"author":[{"embeddable":true,"href":"https:\/\/www.ovigilanteonline.com.br\/site\/wp-json\/wp\/v2\/users\/1"}],"replies":[{"embeddable":true,"href":"https:\/\/www.ovigilanteonline.com.br\/site\/wp-json\/wp\/v2\/comments?post=383558"}],"version-history":[{"count":0,"href":"https:\/\/www.ovigilanteonline.com.br\/site\/wp-json\/wp\/v2\/pages\/383558\/revisions"}],"wp:attachment":[{"href":"https:\/\/www.ovigilanteonline.com.br\/site\/wp-json\/wp\/v2\/media?parent=383558"}],"curies":[{"name":"wp","href":"https:\/\/api.w.org\/{rel}","templated":true}]}}